= -4*h, -2*l + 16 = 3*h. Is 7370/h + (-1)/4 composite?
True
Suppose 0 = -0*w - w. Suppose w = -4*f + t + 20, -t = -3*f + 7 + 7. Let v(i) = 17*i**2 - 6*i + 7. Is v(f) prime?
False
Suppose -2*a = -44*s + 39*s + 2283203, -s = -4*a - 456619. Is s a prime number?
False
Let y = 26 - 24. Suppose y*k = -k. Suppose 3*x = 4*n - k*x - 758, 5*n - x = 953. Is n a prime number?
True
Let l(v) = -346*v + 57. Let q be l(4). Let z = q + 2054. Is z composite?
False
Suppose 14*b + 13758 = 3*n + 11*b, 13764 = 3*n - 5*b. Is n prime?
True
Let d be -1*(-24)/(5 + 3). Suppose -v - 2*v + 195 = d*l, -4*v - 223 = -3*l. Is l prime?
False
Let n = 87117 - 22336. Is n prime?
True
Let i(r) = -r**2 - 7*r - 5. Let l be i(-2). Suppose l*y - 10990 = -0*y. Suppose y = 4*n + 3*n. Is n a composite number?
True
Let n = 1779745 - 1245272. Is n prime?
True
Is (-138195)/(-2) + (-80)/160 prime?
False
Let n be (-1)/((-4 + -2)/(-1512)). Is (-1)/((-14)/(-8)) + (-695412)/n composite?
True
Let v(g) = -2*g**2 - 20*g - 20. Let b be v(-9). Let n be -2 + b + 4 + 567/1. Let t = 124 + n. Is t a prime number?
True
Let h be 3/6 - 0 - (-1809)/18. Let y(b) = -b**3 - 5*b**2 + 3*b - 4. Let j be y(-6). Let c = j + h. Is c prime?
False
Is (((-855)/(-30))/(-19))/((-3)/34154) prime?
True
Suppose 5*g + 23505 = 2*g. Let k = g + 11730. Suppose 2*h + k = 5*v, 0*v + 3*v - 2368 = -5*h. Is v a composite number?
True
Let q = 72 - 82. Let j be 0/2 - (-12 - q). Suppose 0 = 3*x + j*x - 1245. Is x a prime number?
False
Suppose 0 = -6*k + 2*k - 188. Let r = -43 - k. Is ((-27)/33 - r/22)*-323 a composite number?
True
Let r = -11 - 8. Let v(b) = -3*b**3 - 27*b**2 - 24*b - 73. Is v(r) a prime number?
True
Let z be 1 + 2 - 4/4. Let b be (-4)/(-5) - (-177720)/100. Suppose z*w + b = 4*w. Is w prime?
False
Is 4/(24/(-602786))*((-84)/(-7) + -15) composite?
True
Suppose 0 = -2*f - 5*w + 8631, 0 = -34*f + 38*f - w - 17207. Is f composite?
True
Let i(a) = a**3 - 167*a**2 - 1663*a + 327. Is i(202) a prime number?
True
Let t(d) = -299*d**2 + 3*d - 4. Let w be t(2). Let i = 721 - w. Is i a composite number?
True
Let k = -75807 - -133035. Suppose -k = -9*h - 3579. Is h prime?
False
Let t(j) be the third derivative of 11*j**6/60 - j**5/15 - j**4/8 + 4*j**3/3 + 14*j**2. Is t(3) prime?
True
Let i = 5 + 0. Suppose -m - i*g = 3 - 18, -4*g = m - 13. Suppose 503 = 2*s - o, -5*s - o = -m*o - 1259. Is s a prime number?
True
Suppose 9*v + 21 = 3*z + 8*v, 0 = -z - 5*v + 23. Suppose -z*f - 37020 = -28*f. Is f composite?
True
Let w(f) = 1329*f**3 + 57*f**2 - 306*f + 11. Is w(5) a composite number?
False
Suppose -5*l + 312053 = -5*c + 2723, -2*l = 5*c - 123767. Is l a composite number?
False
Suppose 0 = 3*t, -2320 = -2*s + 7*s - 3*t. Let n be 1/5 + -2817*68/255. Let x = s - n. Is x composite?
True
Let i = 1416 + -2533. Let u = 12 - i. Suppose 6*p + 67 = u. Is p composite?
True
Let c(f) = 5016*f**2 + 5*f + 5. Let m be c(-2). Suppose 0 = 7*j + 6*j - m. Is j a composite number?
False
Let a(f) be the first derivative of 100/3*f**3 + 12*f - 9/2*f**2 + 3. Is a(5) a prime number?
True
Is ((-168)/(-416) - (-2)/(-8)) + 7071141/91 a prime number?
False
Let o(y) = 7*y**2 - 25*y + 33. Let t be -2*4/(16/(-6)). Suppose 0 = t*r - 5*j - 47, 0*r - j = -3*r + 43. Is o(r) prime?
False
Suppose 0 = -18*l + 503 - 1403. Suppose -344 = 2*n - r, 4*r - 356 = 3*n - n. Is n/l - (-4)/(-10) composite?
False
Let c(r) = -6*r + 11 + 155*r**3 + 3*r + 3*r**2 + r. Let z(u) = 52*u**3 + u**2 - u + 4. Let d(a) = -3*c(a) + 8*z(a). Is d(-3) prime?
True
Let f = 14 + -10. Suppose -5*o + o - 5*z = -41, 3*z = -f*o + 31. Suppose -o*n - 3*n + 483 = 0. Is n prime?
False
Let l be (-3 - (-183)/(-9))/((-6)/9). Let h = 1 + l. Let w = h + 199. Is w prime?
False
Let d = -13 + -19. Let s = d + 47. Suppose z - 2*l - 806 = s, 1642 = 2*z + 2*l. Is z a prime number?
True
Let j = 40 - 49. Let z(b) = b**2 + 10*b + 6. Let l be z(j). Let r = 56 - l. Is r prime?
True
Let r(g) = -1748*g + 15. Is r(-2) prime?
True
Suppose -24002394 + 91547872 = 286*s. Is s a prime number?
False
Let r(l) = 1257*l + 709. Is r(6) a prime number?
False
Let t(b) = -60424*b + 1715. Is t(-3) prime?
False
Is 0 + (-24)/(-18)*-3 + 211018 - 7 composite?
False
Let g be (1*-1)/(60/(-1260)). Suppose -6712 = 13*w - g*w. Is w a prime number?
True
Let b = 4319 - 25351. Let d = b + 34153. Is d prime?
True
Is (-31 - -26)*(-2)/((4/(-32561))/(-2)) a composite number?
True
Let q(t) = 3*t + 0*t - 35 + t - t. Let p be q(15). Suppose -1688 = 6*u - p*u. Is u composite?
True
Suppose -26562*m = -26624*m + 207815878. Is m prime?
True
Suppose 15*u = 830389 - 450413 + 1094029. Is u a composite number?
True
Let w = 51232 + 44863. Is w prime?
False
Let z(u) = 58*u - 9. Let b(w) = 16*w + 28. Let x be b(-8). Let r = x + 111. Is z(r) a prime number?
False
Let i(l) = 218*l + 2137. Is i(86) composite?
True
Suppose 2*p = -3*g + 21, -g = -3*p - 0*p - 7. Suppose 0 = -4*t + g*t. Suppose 0 = -0*l + l - 3*i - 1349, -4*l - i + 5448 = t. Is l composite?
False
Suppose -31*f = -39*f + 10024. Suppose 5 = -s, q = -2*s + 1846 + f. Is q composite?
False
Suppose 1157*q = 1172*q - 267690. Is q prime?
False
Suppose -2*n + 3*i - 2513 - 2793 = 0, -2*n - 5314 = -i. Let d = 1324 - n. Is d prime?
False
Let u = -228212 + 417933. Is u a composite number?
True
Suppose 4*q + o - 17136 = 3*q, 0 = 5*q - 4*o - 85716. Let i be 50/(-225) - q/(-18). Suppose -2*c + 3*w = -i, -483 = -c - w - w. Is c a composite number?
False
Let o(a) = 1056*a**2 + 101*a + 36. Is o(-5) prime?
True
Let y be (-3)/(-2 - (-4 + 3)). Is y + (-2 - (-4422 + 2)) a prime number?
True
Suppose -8639 = -7*n - 27630. Let w = 5700 + n. Is w a composite number?
True
Let c be (-22)/44*0/(-2). Suppose c = -3*l + w + 2156 + 643, 2*l = -3*w + 1866. Is l prime?
False
Let k(z) be the second derivative of z**5/20 + 3*z**4/4 - 7*z**3/6 + 17*z**2 + z - 26. Is k(-9) prime?
True
Let d(j) = 6*j**3 + 6*j**2 + j. Let c(g) be the first derivative of -3*g**4 - 13*g**3/3 - 3*g**2/2 + g + 28. Let a(s) = 2*c(s) + 5*d(s). Is a(4) a prime number?
False
Is (-24307)/(-436)*(2/((-2)/3) + 1079) a prime number?
False
Suppose -9*v - 19*i = -13*v + 98379, 2*v = -4*i + 49122. Is v a prime number?
True
Let g = -53 + 62. Let n = 7 - g. Is -21*((-326)/6 - n) prime?
False
Let c be (-90)/1395 - 244/62. Let u(o) = 1104*o**2 + 4*o + 9. Is u(c) composite?
False
Let b = 16 - 4. Let r be (-15)/b*-2*(-12)/10. Let v(m) = 287*m**2 + 2*m + 4. Is v(r) a prime number?
False
Let p = -32491 + 71196. Is p a composite number?
True
Suppose 376*a + 2997 = 379*a. Let k = a + -448. Is k a composite number?
True
Let w = -29022 + 62249. Is w prime?
False
Is (0 - 3920754/(-9)) + 1596/(-684) prime?
True
Let q be 3018 + 6 + 1*-1. Suppose 0 = 5*c - 3*z - 27172, -c + 5*z + q + 2407 = 0. Is c composite?
True
Let a = -684 + 667. Let t(v) = v**3 + 48*v**2 - 12*v - 90. Is t(a) a composite number?
True
Suppose -7*m + 3008 = 544. Suppose 8*s - 39320 = -m. Is s composite?
False
Let s(f) = 472685*f**2 + 128*f + 2. Is s(-1) a composite number?
False
Is 1/((-1582360)/175820 + 9) prime?
False
Suppose -3*i + 4*r = 551913 - 2838966, 4*i + 5*r = 3049373. Is i composite?
True
Let v be 1 + (3 - 5) + 1. Suppose v = -4*i + 3*q + 68712, -3 = q - 7. Suppose -3*c + i = 3*g - 0*c, 3*g + 2*c = 17185. Is g composite?
True
Suppose 0 = -10*j + 5*j - 20. Let i be j*2/(-24)*2763. Let g = i - 590. Is g composite?
False
Let q = 60 - 56. Suppose 5*g = -q*g + 4536. Let t = -187 + g. Is t a prime number?
True
Let f(q) be the first derivative of 2*q**4 + 11*q**3/3 + 5*q**2 + 24*q - 88. Is f(11) prime?
True
Suppose -117*m + 26402386 = -71772197. Is m prime?
False
Let x(l) = l**3 + 45*l**2 - 91*l + 2885. Is x(52) prime?
True
Let t = 93648 - 24689. Is t a prime number?
False
Suppose -114112361 - 113263315 = -396*m. Is m a composite number?
False
Let x = 29916 + 10235. Is x a prime number?
True
Let d(l) = 1554*l**2 - 9*l - 2. Let k be d(7). Let u = k + -54170. Suppose 15472 = 17*r - u. Is r prime?
False
Suppose 8*v + 621795 = 13*v - 2*i, 2*i - 497454 = -4*v. Is v a composite number?
True
Let a be (126/12 - 6)/(3/2). Let j be 0/(0 - (-9)/a). Suppose j = -3*g - 4*h + 4605 + 344, -5*g + 2*h + 8205 = 0. Is g a prime number?
False
Let y(t) = 28684*t + 251. Is y(3) composite?
True
Let w = 462 + -275. Suppose -q + w = k, -4*k + q + 7